 common divisor of 5626076 and 460.
92
What is the highest common factor of 840219 and 15104?
59
What is the greatest common factor of 81683822 and 286?
22
Calculate the greatest common divisor of 327478 and 1898.
146
Calculate the greatest common divisor of 70703633 and 19173.
6391
What is the highest common factor of 22322 and 94?
2
Calculate the greatest common factor of 321 and 64865968.
107
What is the highest common factor of 156 and 234288132?
156
Calculate the highest common factor of 47520 and 4407370.
110
Calculate the highest common factor of 733200 and 2739724.
2444
Calculate the greatest common divisor of 128589496 and 56.
56
What is the highest common divisor of 40880322 and 20169?
2241
Calculate the greatest common factor of 6106352 and 280.
56
Calculate the greatest common divisor of 81 and 379291194.
27
Calculate the highest common divisor of 65098 and 51006.
2
What is the highest common factor of 315502 and 66?
22
What is the greatest common divisor of 78 and 2050053?
3
What is the highest common divisor of 3854370 and 45?
15
What is the greatest common factor of 121915 and 390905?
185
What is the highest common divisor of 10068 and 112764956?
3356
What is the highest common divisor of 976 and 192031416?
488
Calculate the greatest common factor of 4720566130 and 4270.
4270
What is the greatest common divisor of 2303 and 57123612?
2303
What is the highest common factor of 505224 and 20196?
108
What is the greatest common factor of 26 and 242431202?
26
What is the highest common factor of 5 and 25324515?
5
Calculate the highest common divisor of 401 and 143015447.
401
Calculate the greatest common factor of 397671871 and 2074.
1037
What is the greatest common factor of 366 and 2763483?
183
Calculate the highest common factor of 816 and 45989488.
272
Calculate the highest common divisor of 2354772 and 10353.
357
What is the highest common factor of 1032950 and 135050?
3650
Calculate the greatest common factor of 4186280 and 595.
35
Calculate the greatest common factor of 2290420600 and 2675.
2675
What is the greatest common factor of 35105007 and 3558?
1779
Calculate the highest common divisor of 55831930 and 105.
35
Calculate the highest common divisor of 55041558 and 71214.
858
What is the greatest common factor of 32643941 and 5896?
737
What is the highest common divisor of 45561954 and 12?
6
Calculate the greatest common factor of 112 and 60791668.
28
Calculate the greatest common factor of 16988 and 290714.
274
Calculate the highest common factor of 49 and 4542727.
7
Calculate the highest common factor of 1714930 and 266.
14
Calculate the highest common factor of 3528557 and 24962.
1783
Calculate the greatest common divisor of 11937953 and 94.
47
Calculate the greatest common divisor of 7499971 and 1315.
263
Calculate the highest common divisor of 1037 and 22891894.
17
What is the highest common factor of 6647828 and 1518?
506
What is the greatest common divisor of 11340 and 233317?
7
What is the highest common factor of 18 and 11126592?
18
Calculate the greatest common factor of 367634 and 27166.
94
Calculate the highest common divisor of 1535160 and 4191.
33
Calculate the highest common factor of 231595 and 64649.
13
What is the highest common factor of 3246 and 4166782?
1082
Calculate the highest common factor of 56 and 35519288.
56
Calculate the highest common divisor of 153729462 and 9.
3
Calculate the highest common divisor of 62430000 and 1080.
120
Calculate the highest common factor of 794464 and 1525436.
1628
Calculate the greatest common divisor of 119457840 and 120.
120
What is the greatest common divisor of 307 and 94750945?
307
What is the highest common factor of 908 and 1752213454?
454
Calculate the greatest common divisor of 42560 and 14973520.
1520
Calculate the highest common divisor of 84 and 226234050.
42
What is the greatest common factor of 3192966 and 686?
14
What is the greatest common factor of 17775 and 9401?
79
What is the highest common divisor of 506 and 36294?
46
What is the highest common factor of 7023567 and 102?
51
Calculate the greatest common divisor of 51714917 and 464.
29
Calculate the highest common divisor of 1427760 and 176.
16
Calculate the highest common divisor of 483818640 and 96.
48
What is the highest common divisor of 44025 and 2955?
15
Calculate the greatest common factor of 232 and 21192504.
232
What is the highest common divisor of 5822 and 347926?
82
Calculate the highest common divisor of 124371507 and 39.
39
What is the highest common divisor of 5064 and 9348?
12
What is the highest common factor of 401390 and 25810?
890
What is the highest common divisor of 14397447 and 28464?
1779
What is the greatest common divisor of 77220 and 10254530?
1430
Calculate the highest common divisor of 111 and 4271.
1
Calculate the highest common factor of 112829824 and 105131.
8087
What is the greatest common divisor of 795 and 14862345?
15
Calculate the greatest common factor of 32 and 13499296.
32
What is the greatest common divisor of 36 and 43388910?
18
What is the highest common divisor of 1208580 and 2740?
20
Calculate the greatest common divisor of 174877138 and 75062.
5774
What is the greatest common factor of 63 and 1506127?
7
Calculate the highest common divisor of 133561061 and 17.
17
Calculate the highest common factor of 3440 and 53748280.
1720
What is the highest common divisor of 7470 and 274160?
10
What is the greatest common factor of 20805 and 850815?
1095
Calculate the highest common factor of 785481 and 11094.
129
What is the highest common divisor of 460 and 452540?
20
Calculate the greatest common factor of 75 and 5237.
1
What is the highest common divisor of 133 and 30906464?
19
Calculate the highest common divisor of 43625907 and 468.
117
What is the greatest common divisor of 18568 and 124064413?
2321
What is the greatest common divisor of 11537769 and 9717?
123
Calculate the highest common divisor of 182248 and 126004.
436
Calculate the greatest common factor of 59790081 and 69488.
4343
What is the highest common divisor of 323 and 1041409?
19
What is the greatest common divisor of 1195 and 351094585?
1195
What is the highest common divisor of 1350 and 1679050?
50
Calculate the greatest common factor of 572495 and 52591.
77
Calculate the highest common factor of 41453014 and 25462.
878
Calculate the highest common factor of 7738 and 2080396121.
3869
Calculate the greatest common factor of 2899247 and 52.
13
Calculate the greatest common factor of 18365 and 56101402.
3673
What is the highest common factor of 340 and 388359390?
170
What is the highest common factor of 4559 and 1484003?
97
Calculate the greatest common divisor of 738649067 and 117.
13
What is the greatest common factor of 204822 and 50544?
54
What is the highest common divisor of 16914717 and 216?
27
What is the greatest common factor of 1462674467 and 41?
41
Calculate the greatest common divisor of 94247448 and 152.
152
What is the greatest common factor of 1792 and 19676216?
56
Calculate the highest common factor of 1470 and 1232249060.
490
Calculate the highest common factor of 645088 and 352.
32
What is the highest common divisor of 21 and 133290?
3
What is the greatest common factor of 93 and 11150649?
3
What is the highest common factor of 205 and 155645?
5
Calculate the greatest common divisor of 3474 and 17082816.
1158
Calculate the highest common factor of 144 and 11988711.
9
Calculate the highest common divisor of 263113 and 14552.
107
Calculate the highest common divisor of 12586 and 2841739.
899
What is the greatest common divisor of 64542 and 38874?
186
Calculate the highest common divisor of 1976565 and 75.
15
What is the highest common divisor of 1364118 and 150?
6
Calculate the greatest common divisor of 332947335 and 63.
21
What is the highest common divisor of 1086417 and 921?
3
What is the greatest common factor of 195546 and 429?
39
What is the highest common divisor of 3009 and 132296703?
3009
What is the highest common factor of 11486305 and 10115?
1445
Calculate the greatest common divisor of 14926 and 172771.
17
Calculate the highest common divisor of 214830 and 786324.
462
What is the highest common factor of 139718802 and 1?
1
Calculate the highest common factor of 47